72
What is the remainder when 1759 is divided by 343?
44
Calculate the remainder when 3049 is divided by 678.
337
Calculate the remainder when 6457 is divided by 2031.
364
What is the remainder when 29437 is divided by 92?
89
Calculate the remainder when 7265 is divided by 50.
15
What is the remainder when 5965 is divided by 17?
15
What is the remainder when 257531 is divided by 257527?
4
Calculate the remainder when 357882 is divided by 1523.
1500
What is the remainder when 2526 is divided by 477?
141
Calculate the remainder when 87394 is divided by 82.
64
Calculate the remainder when 6802 is divided by 1182.
892
Calculate the remainder when 2088 is divided by 886.
316
What is the remainder when 49340 is divided by 290?
40
What is the remainder when 11115 is divided by 141?
117
What is the remainder when 8702009 is divided by 93?
92
What is the remainder when 21678 is divided by 39?
33
Calculate the remainder when 2061867 is divided by 99.
93
What is the remainder when 1372 is divided by 88?
52
Calculate the remainder when 32885 is divided by 87.
86
What is the remainder when 10392 is divided by 91?
18
Calculate the remainder when 173996 is divided by 685.
6
Calculate the remainder when 1061 is divided by 54.
35
What is the remainder when 943 is divided by 747?
196
Calculate the remainder when 295 is divided by 46.
19
What is the remainder when 75971 is divided by 86?
33
What is the remainder when 604544 is divided by 126?
122
Calculate the remainder when 4170 is divided by 3869.
301
Calculate the remainder when 3517 is divided by 1480.
557
What is the remainder when 5874 is divided by 102?
60
Calculate the remainder when 41190 is divided by 479.
475
What is the remainder when 2305 is divided by 21?
16
Calculate the remainder when 16403 is divided by 5445.
68
Calculate the remainder when 1108 is divided by 78.
16
What is the remainder when 2594 is divided by 238?
214
What is the remainder when 234713 is divided by 23?
21
Calculate the remainder when 197597 is divided by 130.
127
Calculate the remainder when 18006 is divided by 392.
366
Calculate the remainder when 24018 is divided by 17.
14
Calculate the remainder when 6233 is divided by 39.
32
Calculate the remainder when 20 is divided by 10.
0
Calculate the remainder when 2427 is divided by 304.
299
Calculate the remainder when 14306 is divided by 7142.
22
Calculate the remainder when 3923 is divided by 247.
218
Calculate the remainder when 31618 is divided by 2867.
81
What is the remainder when 2629 is divided by 1286?
57
What is the remainder when 12239 is divided by 8?
7
What is the remainder when 17323 is divided by 5773?
4
Calculate the remainder when 32965 is divided by 778.
289
Calculate the remainder when 4318 is divided by 397.
348
Calculate the remainder when 153611 is divided by 38378.
99
Calculate the remainder when 451388 is divided by 225687.
14
What is the remainder when 60800 is divided by 380?
0
What is the remainder when 65991 is divided by 985?
981
Calculate the remainder when 352215 is divided by 48.
39
Calculate the remainder when 8991 is divided by 78.
21
Calculate the remainder when 4567 is divided by 369.
139
Calculate the remainder when 393512 is divided by 795.
782
Calculate the remainder when 16119 is divided by 8036.
47
Calculate the remainder when 1135944 is divided by 303.
300
Calculate the remainder when 10196 is divided by 167.
9
What is the remainder when 5693 is divided by 203?
9
What is the remainder when 872741 is divided by 61?
14
What is the remainder when 63411 is divided by 166?
165
Calculate the remainder when 28316 is divided by 709.
665
What is the remainder when 2035687 is divided by 36?
31
What is the remainder when 5224 is divided by 21?
16
What is the remainder when 9321 is divided by 7?
4
What is the remainder when 2558 is divided by 720?
398
Calculate the remainder when 58210 is divided by 21.
19
Calculate the remainder when 6359 is divided by 6331.
28
Calculate the remainder when 9955 is divided by 906.
895
Calculate the remainder when 33931 is divided by 68.
67
Calculate the remainder when 69705 is divided by 902.
251
Calculate the remainder when 89990 is divided by 152.
6
What is the remainder when 184535 is divided by 54?
17
Calculate the remainder when 11977 is divided by 106.
105
Calculate the remainder when 103919 is divided by 60.
59
Calculate the remainder when 138483 is divided by 110.
103
What is the remainder when 34350 is divided by 11434?
48
What is the remainder when 276495 is divided by 13?
11
Calculate the remainder when 20669 is divided by 318.
317
Calculate the remainder when 10060 is divided by 373.
362
What is the remainder when 74206 is divided by 249?
4
Calculate the remainder when 3573 is divided by 3558.
15
What is the remainder when 4793 is divided by 1196?
9
What is the remainder when 12114 is divided by 7?
4
Calculate the remainder when 185981 is divided by 1388.
1377
Calculate the remainder when 9930 is divided by 2391.
366
Calculate the remainder when 84057 is divided by 36.
33
What is the remainder when 96133 is divided by 9605?
83
Calculate the remainder when 3861 is divided by 1201.
258
Calculate the remainder when 129153 is divided by 57.
48
Calculate the remainder when 200206 is divided by 17.
14
Calculate the remainder when 150743 is divided by 50243.
14
What is the remainder when 2461788 is divided by 181?
7
Calculate the remainder when 663388 is divided by 43.
27
What is the remainder when 13691 is divided by 228?
11
Calculate the remainder when 35618 is divided by 137.
135
What is the remainder when 2946 is divided by 229?
198
Calculate the remainder when 19736 is divided by 104.
80
Calculate the remainder when 41584 is divided by 20752.
80
What is the remainder when 15516 is divided by 3101?
11
What is the remainder when 19696 is divided by 428?
8
What is the remainder when 2944 is divided by 34?
20
What is the remainder when 956 is divided by 458?
40
What is the remainder when 47937 is divided by 63?
57
Calculate the remainder when 11047 is divided by 688.
39
What is the remainder when 16823 is divided by 5574?
101
Calculate the remainder when 53844 is divided by 692.
560
What is the remainder when 16090 is divided by 326?
116
What is the remainder when 241614 is divided by 23?
22
What is the remainder when 21894 is divided by 2736?
6
What is the remainder when 18441 is divided by 213?
123
What is the remainder when 3029 is divided by 936?
221
What is the remainder when 1433 is divided by 356?
9
What is the remainder when 1782 is divided by 182?
144
Calculate the remainder when 374925 is divided by 24.
21
What is the remainder when 33947 is divided by 16?
11
What is the remainder when 583095 is divided by 184?
183
What is the remainder when 1241 is divided by 162?
107
Calculate the remainder when 6259 is divided by 95.
84
Calculate the remainder when 34119 is divided by 34110.
9
Calculate the remainder when 24850 is divided by 29.
26
Calculate the remainder when 6121 is divided by 556.
5
Calculate the remainder when 55025 is divided by 34.
13
Calculate the remainder when 1693791 is divided by 84689.
11
Calculate the remainder when 1029 is divided by 462.
105
Calculate the remainder when 7059 is divided by 65.
39
What is the remainder when 40363 is divided by 534?
313
Calculate the remainder when 2166 is divided by 516.
102
What is the remainder when 11042 is divided by 340?
162
What is the remainder when 14110 is divided by 757?
484
Calculate the remainder when 17280 is divided by 523.
21
What is the remainder when 4492 is divided by 666?
496
Calculate the remainder when 2184 is divided by 1209.
975
What is the remainder when 650 is divided by 132?
122
What is the remainder when 15746 is divided by 889?
633
What is the remainder when 2404 is divided by 152?
124
Calculate the remainder when 9686 is divided by 11.
6
What is the remainder when 1725180 is divided by 586?
582
What is the remainder when 65075 is divided by 64938?
137
What is the remainder when 3281 is divided by 345?
176
Calculate the remainder when 49697 is divided by 114.
107
What is the remainder when 75 is divided by 34?
7
What is the remainder when 945 is divided by 304?
33
Calculate the remainder when 4405 is divided by 39.
37
Cal